{"id":95760,"date":"2024-03-07T20:46:24","date_gmt":"2024-03-07T20:46:24","guid":{"rendered":"http:\/\/fabriquimica.com\/site\/membership-login\/"},"modified":"2024-03-18T20:36:28","modified_gmt":"2024-03-18T20:36:28","slug":"mi-cuenta","status":"publish","type":"page","link":"http:\/\/fabriquimica.com\/site\/mi-cuenta\/","title":{"rendered":"Mi cuenta"},"content":{"rendered":"\t\t<div data-elementor-type=\"wp-page\" data-elementor-id=\"95760\" class=\"elementor elementor-95760\" data-elementor-post-type=\"page\">\n\t\t\t\t\t\t<section class=\"elementor-section elementor-top-section elementor-element elementor-element-61642d4 drc_top-left_bg-main drc_bottom-right_bg-main dc-has-condition dc-condition-empty elementor-section-boxed elementor-section-height-default elementor-section-height-default\" data-id=\"61642d4\" data-element_type=\"section\" data-settings=\"{&quot;background_background&quot;:&quot;classic&quot;}\">\n\t\t\t\t\t\t<div class=\"elementor-container elementor-column-gap-wider\">\n\t\t\t\t\t<div class=\"elementor-column elementor-col-100 elementor-top-column elementor-element elementor-element-2875ee2\" data-id=\"2875ee2\" data-element_type=\"column\">\n\t\t\t<div class=\"elementor-widget-wrap elementor-element-populated\">\n\t\t\t\t\t\t<div class=\"elementor-element elementor-element-27deabf elementor-widget elementor-widget-spacer\" data-id=\"27deabf\" data-element_type=\"widget\" data-widget_type=\"spacer.default\">\n\t\t\t\t<div class=\"elementor-widget-container\">\n\t\t\t\t\t<div class=\"elementor-spacer\">\n\t\t\t<div class=\"elementor-spacer-inner\"><\/div>\n\t\t<\/div>\n\t\t\t\t<\/div>\n\t\t\t\t<\/div>\n\t\t\t\t<div class=\"elementor-element elementor-element-c3020fd elementor-widget elementor-widget-heading\" data-id=\"c3020fd\" data-element_type=\"widget\" data-widget_type=\"heading.default\">\n\t\t\t\t<div class=\"elementor-widget-container\">\n\t\t\t<h2 class=\"elementor-heading-title elementor-size-default\">Acceder<\/h2>\t\t<\/div>\n\t\t\t\t<\/div>\n\t\t\t\t<div class=\"elementor-element elementor-element-2e7c187 elementor-widget elementor-widget-shortcode\" data-id=\"2e7c187\" data-element_type=\"widget\" data-widget_type=\"shortcode.default\">\n\t\t\t\t<div class=\"elementor-widget-container\">\n\t\t\t\t\t<div class=\"elementor-shortcode\"><div class=\"swpm-login-widget-form\">\n    <form id=\"swpm-login-form\" name=\"swpm-login-form\" method=\"post\" action=\"\">\n        <div class=\"swpm-login-form-inner\">\n            <div class=\"swpm-username-label\">\n                <label for=\"swpm_user_name\" class=\"swpm-label\"><\/label>\n            <\/div>\n            <div class=\"swpm-username-input\">\n                <input type=\"text\" class=\"swpm-text-field swpm-username-field\" id=\"swpm_user_name\" value=\"\" size=\"25\" name=\"swpm_user_name\" \/>\n            <\/div>\n            <div class=\"swpm-password-label\">\n                <label for=\"swpm_password\" class=\"swpm-label\"><\/label>\n            <\/div>\n            <div class=\"swpm-password-input\">                \n                <input type=\"password\" class=\"swpm-text-field swpm-password-field\" id=\"swpm_password\" value=\"\" size=\"25\" name=\"swpm_password\" \/>                \n            <\/div>\n                        <div class=\"swpm-remember-me\">\n                <span class=\"swpm-remember-checkbox\"><input type=\"checkbox\" name=\"rememberme\" id=\"swpm-rememberme\"><\/span>\n                <label for=\"swpm-rememberme\" class=\"swpm-rememberme-label\">\n                    <span class=\"swpm-rember-label\"> Recu\u00e9rdame<\/span>\n                <\/label>\n            <\/div>\n\n            <div class=\"swpm-before-login-submit-section\"><\/div>\n\n            <div class=\"swpm-login-submit\">\n                <input type=\"submit\" class=\"swpm-login-form-submit swpm-submit-btn-default-style\" name=\"swpm-login\" value=\"\"\/>\n            <\/div>\n            <div class=\"swpm-forgot-pass-link\">\n                <a id=\"forgot_pass\" class=\"swpm-login-form-pw-reset-link\"  href=\"http:\/\/fabriquimica.com\/site\/mi-cuenta\/\">\u00bfHas olvidado tu contrase\u00f1a?<\/a>\n            <\/div>\n            <div class=\"swpm-join-us-link\">\n                <a id=\"register\" class=\"swpm-login-form-register-link\" href=\"http:\/\/fabriquimica.com\/site\/contacto\/\">\u00danete a nosotros<\/a>\n            <\/div>\n            <div class=\"swpm-login-action-msg\">\n                <span class=\"swpm-login-widget-action-msg\"><\/span>\n            <\/div>\n        <\/div>\n    <\/form>\n<\/div>\n<\/div>\n\t\t\t\t<\/div>\n\t\t\t\t<\/div>\n\t\t\t\t<div class=\"elementor-element elementor-element-0c6b4e5 elementor-widget elementor-widget-spacer\" data-id=\"0c6b4e5\" data-element_type=\"widget\" data-widget_type=\"spacer.default\">\n\t\t\t\t<div class=\"elementor-widget-container\">\n\t\t\t\t\t<div class=\"elementor-spacer\">\n\t\t\t<div class=\"elementor-spacer-inner\"><\/div>\n\t\t<\/div>\n\t\t\t\t<\/div>\n\t\t\t\t<\/div>\n\t\t\t\t\t<\/div>\n\t\t<\/div>\n\t\t\t\t\t<\/div>\n\t\t<\/section>\n\t\t<!-- hidden section --><!-- hidden section -->\t\t<\/div>\n\t\t","protected":false},"excerpt":{"rendered":"<p>Acceder Te damos la bienvenida a este espacio donde podr\u00e1s encontrar contenido exclusivo para nuestros clientes m\u00e1s selectos. A trav\u00e9s de tu cuenta de acceso exclusivo, vas a poder navegar de manera diferencial nuestro sitio, accediendo a una selecci\u00f3n de recursos elegidos especialmente para mejorar tu experiencia con FABRIQU\u00cdMICA. Contenidos exclusivos. Informaci\u00f3n adicional. Soporte prioritario.<\/p>\n","protected":false},"author":3,"featured_media":0,"parent":0,"menu_order":0,"comment_status":"closed","ping_status":"closed","template":"","meta":{"footnotes":""},"_links":{"self":[{"href":"http:\/\/fabriquimica.com\/site\/wp-json\/wp\/v2\/pages\/95760"}],"collection":[{"href":"http:\/\/fabriquimica.com\/site\/wp-json\/wp\/v2\/pages"}],"about":[{"href":"http:\/\/fabriquimica.com\/site\/wp-json\/wp\/v2\/types\/page"}],"author":[{"embeddable":true,"href":"http:\/\/fabriquimica.com\/site\/wp-json\/wp\/v2\/users\/3"}],"replies":[{"embeddable":true,"href":"http:\/\/fabriquimica.com\/site\/wp-json\/wp\/v2\/comments?post=95760"}],"version-history":[{"count":62,"href":"http:\/\/fabriquimica.com\/site\/wp-json\/wp\/v2\/pages\/95760\/revisions"}],"predecessor-version":[{"id":95904,"href":"http:\/\/fabriquimica.com\/site\/wp-json\/wp\/v2\/pages\/95760\/revisions\/95904"}],"wp:attachment":[{"href":"http:\/\/fabriquimica.com\/site\/wp-json\/wp\/v2\/media?parent=95760"}],"curies":[{"name":"wp","href":"https:\/\/api.w.org\/{rel}","templated":true}]}}